late the remainder when 16562218 is divided by 324.
310
Calculate the remainder when 8019 is divided by 1705.
1199
What is the remainder when 8908002 is divided by 2938?
2924
Calculate the remainder when 90674 is divided by 12950.
24
What is the remainder when 24484 is divided by 11897?
690
What is the remainder when 18304544 is divided by 58?
34
Calculate the remainder when 121813 is divided by 118503.
3310
Calculate the remainder when 1013285 is divided by 145.
25
What is the remainder when 14374533 is divided by 1211?
1174
Calculate the remainder when 687714879 is divided by 4991.
4989
What is the remainder when 809552 is divided by 115649?
9
Calculate the remainder when 245191 is divided by 61035.
1051
What is the remainder when 1502807 is divided by 1279?
1261
What is the remainder when 298044 is divided by 98810?
1614
What is the remainder when 2054736 is divided by 146765?
26
What is the remainder when 177241 is divided by 59080?
1
What is the remainder when 77526 is divided by 340?
6
What is the remainder when 7697884 is divided by 31?
26
What is the remainder when 434136 is divided by 116?
64
What is the remainder when 1596176 is divided by 132?
32
Calculate the remainder when 15844691 is divided by 2263524.
23
Calculate the remainder when 555400 is divided by 184.
88
What is the remainder when 14340035 is divided by 715?
710
Calculate the remainder when 1531189 is divided by 4210.
2959
Calculate the remainder when 2992674 is divided by 408.
402
Calculate the remainder when 1186388 is divided by 98863.
32
Calculate the remainder when 1293656 is divided by 56237.
205
What is the remainder when 5507035 is divided by 87413?
16
Calculate the remainder when 214506 is divided by 7943.
45
Calculate the remainder when 18444538 is divided by 106.
8
Calculate the remainder when 2650263 is divided by 18930.
63
What is the remainder when 616050 is divided by 88006?
8
Calculate the remainder when 182521934 is divided by 60840636.
26
Calculate the remainder when 2577091 is divided by 123.
118
Calculate the remainder when 2940303 is divided by 9075.
3
Calculate the remainder when 7350983 is divided by 2450321.
20
What is the remainder when 424987 is divided by 38630?
57
What is the remainder when 28906201 is divided by 21?
16
Calculate the remainder when 3102041 is divided by 1033975.
116
What is the remainder when 17290644 is divided by 2161329?
12
Calculate the remainder when 911893 is divided by 182371.
38
Calculate the remainder when 27711 is divided by 231.
222
What is the remainder when 38120 is divided by 1976?
576
Calculate the remainder when 302730 is divided by 1388.
146
Calculate the remainder when 773597 is divided by 10.
7
What is the remainder when 147371 is divided by 1481?
752
What is the remainder when 78520 is divided by 2614?
100
What is the remainder when 5102 is divided by 4604?
498
What is the remainder when 277551 is divided by 3700?
51
Calculate the remainder when 235614 is divided by 400.
14
What is the remainder when 475252 is divided by 158225?
577
What is the remainder when 364248 is divided by 9329?
417
What is the remainder when 141398 is divided by 10863?
179
Calculate the remainder when 261946817 is divided by 23.
1
Calculate the remainder when 132349 is divided by 1297.
55
What is the remainder when 2793444548 is divided by 50?
48
Calculate the remainder when 285049947 is divided by 391.
390
What is the remainder when 27074 is divided by 26476?
598
What is the remainder when 17568593 is divided by 46?
43
What is the remainder when 75486376 is divided by 2845?
2836
Calculate the remainder when 4933252 is divided by 917.
709
Calculate the remainder when 5224944 is divided by 39.
36
What is the remainder when 2373869 is divided by 58?
45
Calculate the remainder when 10529 is divided by 5035.
459
What is the remainder when 426929 is divided by 5?
4
Calculate the remainder when 14235570 is divided by 36.
18
Calculate the remainder when 18017287 is divided by 178.
127
What is the remainder when 10148173 is divided by 575?
573
Calculate the remainder when 1538250 is divided by 402.
198
Calculate the remainder when 135192609 is divided by 198.
189
Calculate the remainder when 808457 is divided by 411.
20
What is the remainder when 520469806 is divided by 1418?
1414
What is the remainder when 83809960 is divided by 864020?
20
What is the remainder when 44986 is divided by 8975?
111
What is the remainder when 2475956 is divided by 3821?
3769
Calculate the remainder when 22600650 is divided by 22600615.
35
Calculate the remainder when 162291444 is divided by 81.
6
Calculate the remainder when 92191 is divided by 2569.
2276
What is the remainder when 128895 is divided by 831?
90
Calculate the remainder when 9332 is divided by 1781.
427
Calculate the remainder when 4485727 is divided by 164.
163
Calculate the remainder when 746138 is divided by 67759.
789
Calculate the remainder when 114541199 is divided by 60.
59
What is the remainder when 24701095 is divided by 1370?
1365
Calculate the remainder when 37466 is divided by 9119.
990
What is the remainder when 33653 is divided by 1603?
1593
Calculate the remainder when 71372 is divided by 11885.
62
What is the remainder when 17234273 is divided by 58820?
13
What is the remainder when 254009 is divided by 1629?
1514
Calculate the remainder when 34284 is divided by 6613.
1219
What is the remainder when 57855 is divided by 7340?
6475
What is the remainder when 20307423 is divided by 79?
78
Calculate the remainder when 3435913 is divided by 687180.
13
Calculate the remainder when 33460182 is divided by 856.
854
What is the remainder when 1038867 is divided by 148383?
186
What is the remainder when 306582 is divided by 30503?
1552
What is the remainder when 774410 is divided by 678?
134
What is the remainder when 8397760 is divided by 493?
491
Calculate the remainder when 13637311 is divided by 3042.
25
What is the remainder when 75097551 is divided by 10728221?
4
What is the remainder when 1124403 is divided by 1263?
333
What is the remainder when 2016958 is divided by 18503?
131
Calculate the remainder when 139408276 is divided by 8.
4
Calculate the remainder when 316101 is divided by 52506.
1065
Calculate the remainder when 3973848 is divided by 235.
233
What is the remainder when 166931 is divided by 83420?
91
Calculate the remainder when 33472525 is divided by 263.
252
Calculate the remainder when 960583 is divided by 834.
649
Calculate the remainder when 190804 is divided by 2892.
2824
What is the remainder when 7344940 is divided by 1995?
1345
Calculate the remainder when 667361 is divided by 667333.
28
Calculate the remainder when 30736171 is divided by 257.
256
What is the remainder when 1387192 is divided by 246?
244
What is the remainder when 1009582 is divided by 22945?
2
What is the remainder when 1684154 is divided by 1014?
914
Calculate the remainder when 972867 is divided by 242909.
1231
What is the remainder when 1326962 is divided by 331738?
10
What is the remainder when 489074 is divided by 162134?
2672
What is the remainder when 262195 is divided by 576?
115
What is the remainder when 148162 is divided by 90?
22
What is the remainder when 12942811 is divided by 719?
92
What is the remainder when 2414132 is divided by 1947?
1799
Calculate the remainder when 19495442 is divided by 38.
36
Calculate the remainder when 29008 is divided by 5745.
283
Calculate the remainder when 7656769 is divided by 47.
46
Calculate the remainder when 606886 is divided by 6973.
235
Calculate the remainder when 3901288 is divided by 13641.
13603
What is the remainder when 1820210 is divided by 455045?
30
Calculate the remainder when 467334 is divided by 7.
0
Calculate the remainder when 12687 is divided by 9745.
2942
What is the remainder when 253617 is divided by 28165?
132
Calculate the remainder when 34751930 is divided by 2436.
2390
Calculate the remainder when 20283037 is divided by 6609.
16
What is the remainder when 4498854 is divided by 449885?
4
Calculate the remainder when 35703824 is divided by 2429.
2382
Calculate the remainder when 62626061 is divided by 79.
75
What is the remainder when 4897353 is divided by 544150?
3
Calculate the remainder when 5399532 is divided by 225